{"id":84,"date":"2020-09-25T07:54:39","date_gmt":"2020-09-25T10:54:39","guid":{"rendered":"http:\/\/sbempe.com.br\/?page_id=84"},"modified":"2022-07-05T18:02:59","modified_gmt":"2022-07-05T21:02:59","slug":"documentos","status":"publish","type":"page","link":"https:\/\/sbempe.com.br\/index.php\/documentos\/","title":{"rendered":"Documentos"},"content":{"rendered":"\n<p>Na dire\u00e7\u00e3o de construir registros e mem\u00f3rias da Sociedade Brasileira de Educa\u00e7\u00e3o Matem\u00e1tica em Pernambuco, nesta p\u00e1gina&nbsp;ser\u00e3o disponibilizados acessos \u00e0 todas as atas de assembleias ordin\u00e1rias e extraordin\u00e1rias da SBEM-PE organizadas por per\u00edodo. Os&nbsp;documento&nbsp;registram resumidamente e com clareza as ocorr\u00eancias, delibera\u00e7\u00f5es, resolu\u00e7\u00f5es e decis\u00f5es de reuni\u00f5es ou assembleias. Podem ser utilizadas sempre que surgirem d\u00favidas sobre encaminhamentos da Diretoria Regional da SBEM, em Pernambuco.&nbsp;<\/p>\n\n\n\n<p>[2000] <a rel=\"noreferrer noopener\" href=\"https:\/\/drive.google.com\/file\/d\/1wq1U95Xt4XNwiN2BWjqYusHQ194il6uC\/view?usp=sharing\" target=\"_blank\">Regimento da SBEM-PE<\/a><\/p>\n\n\n\n<p>[2022] Ata de Posse &#8211; Tri\u00eanio 2022-2025<\/p>\n\n\n\n<p>[2020] Ata de Posse &#8211; Tri\u00eanio 2020-2023<\/p>\n\n\n\n<p>[2020] Ata de Elei\u00e7\u00e3o &#8211; Tri\u00eanio 2020-2023<\/p>\n\n\n\n<p>[<span class=\"has-inline-color has-black-color\">2017<\/span>] <a rel=\"noreferrer noopener\" href=\"https:\/\/drive.google.com\/file\/d\/1OpoMQhXuIn7dG7BQnEo2w73hWbEUAebg\/view?usp=sharing\" target=\"_blank\">Ata de Posse &#8211; Tri\u00eanio 2017-2020<\/a><\/p>\n\n\n\n<p>[2017] <a rel=\"noreferrer noopener\" href=\"https:\/\/drive.google.com\/file\/d\/1SMhtCpg8c57thRH1m5B0_rIM5UEJkdLT\/view?usp=sharing\" target=\"_blank\">Ata da Elei\u00e7\u00e3o &#8211; Tri\u00eanio 2017-2020<\/a><\/p>\n\n\n\n<p><\/p>\n\n\n\n<p><\/p>\n\n\n\n<p><\/p>\n","protected":false},"excerpt":{"rendered":"<p>Na dire\u00e7\u00e3o de construir registros e mem\u00f3rias da Sociedade Brasileira de Educa\u00e7\u00e3o Matem\u00e1tica em Pernambuco, nesta p\u00e1gina&nbsp;ser\u00e3o disponibilizados acessos \u00e0<\/p>\n","protected":false},"author":1,"featured_media":0,"parent":0,"menu_order":0,"comment_status":"closed","ping_status":"closed","template":"","meta":{"footnotes":""},"class_list":["post-84","page","type-page","status-publish","hentry"],"_links":{"self":[{"href":"https:\/\/sbempe.com.br\/index.php\/wp-json\/wp\/v2\/pages\/84","targetHints":{"allow":["GET"]}}],"collection":[{"href":"https:\/\/sbempe.com.br\/index.php\/wp-json\/wp\/v2\/pages"}],"about":[{"href":"https:\/\/sbempe.com.br\/index.php\/wp-json\/wp\/v2\/types\/page"}],"author":[{"embeddable":true,"href":"https:\/\/sbempe.com.br\/index.php\/wp-json\/wp\/v2\/users\/1"}],"replies":[{"embeddable":true,"href":"https:\/\/sbempe.com.br\/index.php\/wp-json\/wp\/v2\/comments?post=84"}],"version-history":[{"count":8,"href":"https:\/\/sbempe.com.br\/index.php\/wp-json\/wp\/v2\/pages\/84\/revisions"}],"predecessor-version":[{"id":647,"href":"https:\/\/sbempe.com.br\/index.php\/wp-json\/wp\/v2\/pages\/84\/revisions\/647"}],"wp:attachment":[{"href":"https:\/\/sbempe.com.br\/index.php\/wp-json\/wp\/v2\/media?parent=84"}],"curies":[{"name":"wp","href":"https:\/\/api.w.org\/{rel}","templated":true}]}}